In base 13, what is 0 - -1b69a?
1b69a
In base 2, what is 110001100 + -1001011?
101000001
In base 2, what is 101111010 + 110011111000?
111001110010
In base 12, what is a1 - 117a8?
-11707
In base 15, what is -1d1 - -2cd7?
2b06
In base 12, what is 182955 - -4?
182959
In base 5, what is 323032 - -11?
323043
In base 12, what is a - -265301?
26530b
In base 7, what is 255321 - -3?
255324
In base 3, what is -1021 - 1002120121?
-1002121212
In base 9, what is -115777 - 6?
-115784
In base 3, what is -22 - 100020101?
-100020200
In base 8, what is 13450 - -24?
13474
In base 14, what is -3a595 - -4?
-3a591
In base 16, what is -4a7e22 + 5?
-4a7e1d
In base 15, what is -1 - 7da98?
-7da99
In base 6, what is 303 + 40251?
40554
In base 5, what is -33221141 + 1?
-33221140
In base 14, what is 61 - -1176?
11d7
In base 3, what is 101012 - 10112?
20200
In base 7, what is 4 - -225345?
225352
In base 5, what is 1201214102 - 2?
1201214100
In base 11, what is -2 + -24a73?
-24a75
In base 5, what is -113240224 - 3?
-113240232
In base 5, what is 234132 + -22?
234110
In base 12, what is -69 + -274?
-321
In base 8, what is 27 + -5757?
-5730
In base 9, what is -13804 - 8?
-13813
In base 3, what is -12201010 - -1120?
-12122120
In base 2, what is 1000111 - -10110110?
11111101
In base 14, what is 1a42 - 5?
1a3b
In base 2, what is 100101110011111000111 + -10?
100101110011111000101
In base 10, what is 2652 + -6?
2646
In base 5, what is -10143 - -3144?
-1444
In base 4, what is -1031220032 - 13?
-1031220111
In base 5, what is -430 - 0?
-430
In base 6, what is -43533553 - -5?
-43533544
In base 12, what is -6596 + ab?
-64a7
In base 3, what is 1212011 - 112012?
1022222
In base 2, what is 10101110 + 11101111?
110011101
In base 3, what is 1 - 101000202200?
-101000202122
In base 6, what is -5 - -522514?
522505
In base 12, what is -61238 + 5?
-61233
In base 8, what is 274740 - -3?
274743
In base 5, what is -11413444 - -20?
-11413424
In base 13, what is -10b1 - -4?
-10aa
In base 10, what is 1184 - -59?
1243
In base 7, what is 4251 - -131?
4412
In base 13, what is -3486 + -80?
-3536
In base 8, what is 13122 - -36?
13160
In base 7, what is 365 + 1003?
1401
In base 2, what is -1100011011000 + -100110?
-1100011111110
In base 7, what is -625320 + 3?
-625314
In base 10, what is 74 + -710?
-636
In base 12, what is 19 - -1b901?
1b91a
In base 16, what is 17c - -15a?
2d6
In base 3, what is -20002002100 + 11?
-20002002012
In base 16, what is 1365 - 9d?
12c8
In base 11, what is -20 + -1242?
-1262
In base 8, what is -20464 + 11?
-20453
In base 10, what is -102 + -3711?
-3813
In base 12, what is -1749 - -178?
-1591
In base 8, what is -67420 + -7?
-67427
In base 14, what is 2b9 - 118?
1a1
In base 9, what is 12 - -250?
262
In base 4, what is -3 + 33321122?
33321113
In base 12, what is 1027 + -35?
bb2
In base 14, what is -39d17b - 3?
-39d180
In base 11, what is -48a + -20?
-4aa
In base 13, what is -620 + 17?
-606
In base 4, what is 231121 + 100?
231221
In base 4, what is 12310202 - -12?
12310220
In base 5, what is -2 - -1130033?
1130031
In base 2, what is -1011 - 1000001111010110?
-1000001111100001
In base 9, what is 105174 - 5?
105168
In base 4, what is -3312 + 301?
-3011
In base 16, what is 11 - -7412?
7423
In base 15, what is 23dc - -1?
23dd
In base 5, what is -122311 - -102?
-122204
In base 13, what is 4797 - -3?
479a
In base 3, what is 1200 + 101221?
110121
In base 8, what is 16 - -722303?
722321
In base 13, what is -5 + -49b90?
-49b95
In base 9, what is -21 - -231176?
231155
In base 11, what is 7a - 10?
6a
In base 7, what is -1362520 + 3?
-1362514
In base 14, what is 2 - -13dbac?
13dbb0
In base 3, what is -112210120201 - -1?
-112210120200
In base 10, what is -3 - 10038?
-10041
In base 6, what is -451 - -1311?
420
In base 7, what is 20463 - -155?
20651
In base 9, what is -361 + -3201?
-3562
In base 8, what is -730066 + 24?
-730042
In base 13, what is -4bcb9 + -3?
-4bcbc
In base 3, what is -10000020 - 101221?
-10102011
In base 12, what is -2aa + -6a4?
-992
In base 14, what is 30a - 677?
-36b
In base 3, what is -10100 + 121000?
110200
In base 13, what is 49604 + -2?
49602
In base 16, what is 12d1 - -c7?
1398
In base 7, what is -252 + 1354?
1102
In base 14, what is -26 + -8b?
-b3
In base 3, what is 10210022 + 112122?
11022221
In base 10, what is 1409 - -1?
1410
In base 4, what is -1213 - -1031?
-122
In base 6, what is -3 + 2045514?
2045511
In base 9, what is 47 - 55257?
-55210
In base 6, what is 12 + 34435?
34451
In base 12, what is 7 + 1928?
1933
In base 3, what is 100222010 - 11?
100221222
In base 2, what is -1001 - 110100111110010?
-110100111111011
In base 9, what is 2 + 46041?
46043
In base 4, what is 200303322 + 13?
200310001
In base 6, what is 2400 - 3?
2353
In base 2, what is 100111000 - 100101100011?
-100000101011
In base 2, what is -10110000111110001 - -1?
-10110000111110000
In base 2, what is -10100101010101011011 - 101?
-10100101010101100000
In base 8, what is 0 + -1120367?
-1120367
In base 16, what is -f7 - 1c7?
-2be
In base 6, what is 15 - 41051?
-41032
In base 2, what is 1111100 + 10010011110001?
10010101101101
In base 5, what is -1130300 + 14?
-1130231
In base 2, what is 101 + 10010111111111000?
10010111111111101
In base 12, what is 2 + -457?
-455
In base 6, what is -30020 - -532?
-25044
In base 2, what is 100000111101 + -10011?
100000101010
In base 16, what is 1a + -f493?
-f479
In base 15, what is -7 - -d8e79?
d8e72
In base 11, what is 6 - 11205a?
-112054
In base 10, what is 155748 + 15?
155763
In base 11, what is -81 - -47?
-35
In base 2, what is -110010 - 11011000000?
-11011110010
In base 8, what is -220 - -1447?
1227
In base 6, what is -111050 - -132?
-110514
In base 10, what is -59707 + -5?
-59712
In base 9, what is -16756 - 4?
-16761
In base 6, what is -3 + -205521?
-205524
In base 15, what is -11740 + -4?
-11744
In base 10, what is -53 + 4775?
4722
In base 7, what is 4 + -64624?
-64620
In base 4, what is -1232020 + -10?
-1232030
In base 13, what is -3 + -52c9?
-52cc
In base 15, what is 4 + 484?
488
In base 14, what is 7 - -25628?
25631
In base 12, what is -b8b80 - -5?
-b8b77
In base 8, what is 525155 + 6?
525163
In base 2, what is 1000 + 100110011000011?
100110011001011
In base 3, what is -212010102 + -10?
-212010112
In base 14, what is 396 - 134?
262
In base 9, what is 2610176 - -4?
2610181
In base 11, what is -1216 - -155?
-1071
In base 3, what is -10000012 + 21?
-2222221
In base 4, what is -3010 - -1001?
-2003
In base 3, what is 22012102 - -12?
22012121
In base 2, what is 100001010100100 - 100011110?
100000110000110
In base 11, what is -2943 - -744?
-21aa
In base 15, what is 5 + 188a75?
188a7a
In base 12, what is -2 + 85?
83
In base 4, what is -1311123 + -1330?
-1313113
In base 6, what is -51415 + -1232?
-53051
In base 12, what is 3a3 - 596?
-1b3
In base 13, what is b0 + 59?
139
In base 13, what is 183a8 + 1?
183a9
In base 14, what is -2c01 - 4?
-2c05
In base 2, what is -1011001011000000 - 0?
-1011001011000000
In base 16, what is -4 - -ae5?
ae1
In base 9, what is -2 - -52225?
52223
In base 9, what is -3 + 66633?
66630
In base 11, what is 2063 + -9?
2055
In base 8, what is -4 + 106444?
106440
In base 16, what is 2 - -2ea3?
2ea5
In base 4, what is 2 - -1122102?
1122110
In base 12, what is b1856 - 0?
b1856
In base 4, what is -21010012 + -20?
-21010032
In base 9, what is 11516152 + 2?
11516154
In base 16, what is f5 - fd?
-8
In base 6, what is 12215 - 14552?
-2333
In base 7, what is 23 + 5261?
5314
In base 11, what is -80708 - -1?
-80707
In base 3, what is 22202121200 + -11?
22202121112
In base 6, what is 0 - -2140100?
2140100
In base 6, what is -3304 - -11?
-3253
In base 3, what is -12222012211 - -2?
-12222012202
In base 3, what is 102 - -2210222122?
2211000001
In base 10, what is -227946 - -5?
-227941
In base 16, what is -102 + -cd?
-1cf
In base 11, what is 1138 - 8a?
1059
In base 3, what is 2 - -110020001012?
110020001021
In base 6, what is 5 - 13024201?
-13024152
In base 12, what is -8 + 5821?
5815
In base 11, what is 4 - -12343?
12347
In base 15, what is -4 + -ee0?
-ee4
In base 15, what is 5 + 763a?
7640
In base 7, what is 4 - 306450?
-306443
In base 15, what is 9e164 + 4?
9e168
In base 14, what is -3 - -145cb?
145c8
In base 11, what is 2 + -2608?
-2606
In base 5, what is -121